{"id":5077,"date":"2026-06-11T11:22:43","date_gmt":"2026-06-11T09:22:43","guid":{"rendered":"https:\/\/werkbank32.eu\/?post_type=tribe_events&amp;p=5077"},"modified":"2026-06-11T11:22:43","modified_gmt":"2026-06-11T09:22:43","slug":"innovationsfruehstueck-der-volksbank-mittweida-eg-in-waldheim","status":"publish","type":"tribe_events","link":"https:\/\/werkbank32.de\/et\/veranstaltung\/innovationsfruehstueck-der-volksbank-mittweida-eg-in-waldheim\/","title":{"rendered":"Innovationsfr\u00fchst\u00fcck \u201eAus Energie wird Ersparnis\u201c"},"content":{"rendered":"<p><img fetchpriority=\"high\" decoding=\"async\" class=\"alignnone wp-image-5082\" src=\"https:\/\/werkbank32.teleskopeffekt.de\/wp-content\/uploads\/2026\/06\/730-%C3%97-300-300x123.png\" alt=\"\" width=\"819\" height=\"336\" \/><\/p>\n<p><strong>Donnerstag, 2. Juli 2026, 8:30\u00a0&#8211;\u00a012:00 Uhr<\/strong><br \/>\n<strong>Ratssaal des Rathauses Waldheim, Niedermarkt 1, 04736 Waldheim<\/strong><br \/>\n<em>(Park-Tipp: Parkplatz Augustinerplatz)<\/em><\/p>\n<p>In entspannter Fr\u00fchst\u00fccksatmosph\u00e4re laden wir Unternehmerinnen und Unternehmer aus der Region ein, miteinander ins Gespr\u00e4ch zu kommen, Erfahrungen zu teilen und neue Perspektiven mitzunehmen.<\/p>\n<p><strong>\u201eAus Energie wird Ersparnis\u201c<\/strong> ist der Auftakt zu unserer spannenden neuen Veranstaltungsreihe \u201eInnovationsfr\u00fchst\u00fcck\u201c.<\/p>\n<p class=\"isSelectedEnd\">Steigende Energiekosten, neue Anforderungen und technologische Entwicklungen besch\u00e4ftigen viele Unternehmen. Gleichzeitig entstehen neue M\u00f6glichkeiten, Energie bewusster einzusetzen, Kosten zu senken und die eigene Zukunftsf\u00e4higkeit zu st\u00e4rken.<\/p>\n<p class=\"isSelectedEnd\">Wie kann aus Energie nicht nur Verbrauch, sondern echte Ersparnis werden?<\/p>\n<p class=\"isSelectedEnd\">Freuen Sie sich auf einen kompakten Vormittag mit praxisnahen Impulsen, konkreten Beispielen aus der Region und dem Austausch mit anderen Unternehmerinnen und Unternehmern.<\/p>\n<p><span style=\"font-size: 14pt;\"><br \/>\n<strong>Das erwartet Sie:<\/strong><\/span><\/p>\n<p><strong>Begr\u00fc\u00dfung<\/strong><br \/>\n<em>Dr. Julia Bre\u00dfler (TeleskopEffekt GmbH) und Steffen Krause (Volksbank Mittweida eG)<\/em><\/p>\n<p><strong>Gru\u00dfwort der Stadt Waldheim und Infos zum &#8222;Strategischen Papier zur kommunalen W\u00e4rmeplanung\u201c<\/strong><i><br \/>\n<\/i><em>Dirk Erler (Fachbereichsleiter Ordnung- und Bauverwaltung, Stadt Waldheim)<\/em><\/p>\n<p><strong>\u201eOptimierung der Energiebeschaffung\u201c<br \/>\n<\/strong><em>Energiecoach Enrico Eydam (IHK Chemnitz)<\/em><\/p>\n<p><strong>Best Practice aus einem regionalen Unternehmen<br \/>\n<\/strong><em>Bj\u00f6rn R\u00fclke (R\u00fclke GmbH)<\/em><\/p>\n<p><strong>\u201ePreisintelligente Energiespeicher \u2013 Wie Amcompia Energiekosten sp\u00fcrbar senkt\u201c<\/strong><br \/>\n<em>Eric Richter (Amcompia GmbH)<\/em><\/p>\n<p><span style=\"font-size: 12pt;\"><strong>\u201eVolksbank Mittweida eG \u2013 Leistungsstarker Partner f\u00fcr den Mittelstand\u201c<\/strong><\/span><br \/>\n<em>Florian Lohse (Volksbank Mittweida eG)<\/em><\/p>\n<p><strong>Austausch und Netzwerken bei einem gemeinsamen Mittags-Snack<\/strong><\/p>\n<p>&nbsp;<\/p>\n<p class=\"isSelectedEnd\">Die Veranstaltung richtet sich an Unternehmerinnen und Unternehmer, Gesch\u00e4ftsf\u00fchrerinnen und Gesch\u00e4ftsf\u00fchrer sowie Verantwortliche aus kleinen und mittleren Unternehmen, die sich mit den Themen Energie, Kostenoptimierung und Zukunftsf\u00e4higkeit besch\u00e4ftigen.<\/p>\n<p class=\"isSelectedEnd\">Die Teilnahme ist kostenfrei.<\/p>\n<p>Sichern Sie sich jetzt Ihren Platz und seien Sie beim ersten Innovationsfr\u00fchst\u00fcck in Waldheim dabei.<\/p>\n<h2><span style=\"color: #ff9900;\"><em>Diese Veranstaltung ist bereits abgeschlossen \u2013 die Anmeldung ist daher geschlossen.<\/em><\/span><\/h2>","protected":false},"excerpt":{"rendered":"<p>Donnerstag, 2. Juli 2026, 8:30\u00a0&#8211;\u00a012:00 Uhr Ratssaal des Rathauses Waldheim, Niedermarkt 1, 04736 Waldheim (Park-Tipp: Parkplatz Augustinerplatz) In entspannter Fr\u00fchst\u00fccksatmosph\u00e4re laden wir Unternehmerinnen und Unternehmer aus der Region ein, miteinander [&hellip;]<\/p>\n","protected":false},"author":4,"featured_media":5081,"template":"","meta":{"_tribe_events_status":"","_tribe_events_status_reason":"","footnotes":""},"tags":[],"tribe_events_cat":[31],"class_list":["post-5077","tribe_events","type-tribe_events","status-publish","has-post-thumbnail","hentry","tribe_events_cat-werkbank32","cat_werkbank32"],"blocksy_meta":[],"_links":{"self":[{"href":"https:\/\/werkbank32.de\/et\/wp-json\/wp\/v2\/tribe_events\/5077","targetHints":{"allow":["GET"]}}],"collection":[{"href":"https:\/\/werkbank32.de\/et\/wp-json\/wp\/v2\/tribe_events"}],"about":[{"href":"https:\/\/werkbank32.de\/et\/wp-json\/wp\/v2\/types\/tribe_events"}],"author":[{"embeddable":true,"href":"https:\/\/werkbank32.de\/et\/wp-json\/wp\/v2\/users\/4"}],"version-history":[{"count":0,"href":"https:\/\/werkbank32.de\/et\/wp-json\/wp\/v2\/tribe_events\/5077\/revisions"}],"wp:featuredmedia":[{"embeddable":true,"href":"https:\/\/werkbank32.de\/et\/wp-json\/wp\/v2\/media\/5081"}],"wp:attachment":[{"href":"https:\/\/werkbank32.de\/et\/wp-json\/wp\/v2\/media?parent=5077"}],"wp:term":[{"taxonomy":"post_tag","embeddable":true,"href":"https:\/\/werkbank32.de\/et\/wp-json\/wp\/v2\/tags?post=5077"},{"taxonomy":"tribe_events_cat","embeddable":true,"href":"https:\/\/werkbank32.de\/et\/wp-json\/wp\/v2\/tribe_events_cat?post=5077"}],"curies":[{"name":"wp","href":"https:\/\/api.w.org\/{rel}","templated":true}]}}

Innovationsfrühstück „Aus Energie wird Ersparnis“

<p><img fetchpriority="high" decoding="async" class="alignnone wp-image-5082" src="https://werkbank32.teleskopeffekt.de/wp-content/uploads/2026/06/730-%C3%97-300-300x123.png" alt="" width="819" height="336" /></p>
<p><strong>Donnerstag, 2. Juli 2026, 8:30 &#8211; 12:00 Uhr</strong><br />
<strong>Ratssaal des Rathauses Waldheim, Niedermarkt 1, 04736 Waldheim</strong><br />
<em>(Park-Tipp: Parkplatz Augustinerplatz)</em></p>
<p>In entspannter Frühstücksatmosphäre laden wir Unternehmerinnen und Unternehmer aus der Region ein, miteinander ins Gespräch zu kommen, Erfahrungen zu teilen und neue Perspektiven mitzunehmen.</p>
<p><strong>„Aus Energie wird Ersparnis“</strong> ist der Auftakt zu unserer spannenden neuen Veranstaltungsreihe „Innovationsfrühstück“.</p>
<p class="isSelectedEnd">Steigende Energiekosten, neue Anforderungen und technologische Entwicklungen beschäftigen viele Unternehmen. Gleichzeitig entstehen neue Möglichkeiten, Energie bewusster einzusetzen, Kosten zu senken und die eigene Zukunftsfähigkeit zu stärken.</p>
<p class="isSelectedEnd">Wie kann aus Energie nicht nur Verbrauch, sondern echte Ersparnis werden?</p>
<p class="isSelectedEnd">Freuen Sie sich auf einen kompakten Vormittag mit praxisnahen Impulsen, konkreten Beispielen aus der Region und dem Austausch mit anderen Unternehmerinnen und Unternehmern.</p>
<p><span style="font-size: 14pt;"><br />
<strong>Das erwartet Sie:</strong></span></p>
<p><strong>Begrüßung</strong><br />
<em>Dr. Julia Breßler (TeleskopEffekt GmbH) und Steffen Krause (Volksbank Mittweida eG)</em></p>
<p><strong>Grußwort der Stadt Waldheim und Infos zum &#8222;Strategischen Papier zur kommunalen Wärmeplanung“</strong><i><br />
</i><em>Dirk Erler (Fachbereichsleiter Ordnung- und Bauverwaltung, Stadt Waldheim)</em></p>
<p><strong>„Optimierung der Energiebeschaffung“<br />
</strong><em>Energiecoach Enrico Eydam (IHK Chemnitz)</em></p>
<p><strong>Best Practice aus einem regionalen Unternehmen<br />
</strong><em>Björn Rülke (Rülke GmbH)</em></p>
<p><strong>„Preisintelligente Energiespeicher – Wie Amcompia Energiekosten spürbar senkt“</strong><br />
<em>Eric Richter (Amcompia GmbH)</em></p>
<p><span style="font-size: 12pt;"><strong>„Volksbank Mittweida eG – Leistungsstarker Partner für den Mittelstand“</strong></span><br />
<em>Florian Lohse (Volksbank Mittweida eG)</em></p>
<p><strong>Austausch und Netzwerken bei einem gemeinsamen Mittags-Snack</strong></p>
<p>&nbsp;</p>
<p class="isSelectedEnd">Die Veranstaltung richtet sich an Unternehmerinnen und Unternehmer, Geschäftsführerinnen und Geschäftsführer sowie Verantwortliche aus kleinen und mittleren Unternehmen, die sich mit den Themen Energie, Kostenoptimierung und Zukunftsfähigkeit beschäftigen.</p>
<p class="isSelectedEnd">Die Teilnahme ist kostenfrei.</p>
<p>Sichern Sie sich jetzt Ihren Platz und seien Sie beim ersten Innovationsfrühstück in Waldheim dabei.</p>
<h2><span style="color: #ff9900;"><em>Diese Veranstaltung ist bereits abgeschlossen – die Anmeldung ist daher geschlossen.</em></span></h2>

<p>Donnerstag, 2. Juli 2026, 8:30 &#8211; 12:00 Uhr Ratssaal des Rathauses Waldheim, Niedermarkt 1, 04736 Waldheim (Park-Tipp: Parkplatz Augustinerplatz) In entspannter Frühstücksatmosphäre laden wir Unternehmerinnen und Unternehmer aus der Region ein, miteinander [&hellip;]</p>
