{"id":4664,"date":"2024-09-09T12:23:15","date_gmt":"2024-09-09T10:23:15","guid":{"rendered":"https:\/\/werkbank32.eu\/?post_type=tribe_events&amp;p=4664"},"modified":"2024-09-09T12:23:15","modified_gmt":"2024-09-09T10:23:15","slug":"mittelstandstag-2025","status":"publish","type":"tribe_events","link":"https:\/\/werkbank32.de\/et\/veranstaltung\/mittelstandstag-2025\/","title":{"rendered":"Mittelstand: Digital, Kreativ, Vernetzt"},"content":{"rendered":"<p>[metaslider id=&#8220;4876&#8243;]<\/p>\n<p><strong>Im Rahmen des Mittelstandstags<\/strong> werden KMUs aus Deutschland und anderen europ\u00e4ischen L\u00e4ndern eingeladen, um gemeinsam die Chancen und Herausforderungen der digitalen Transformation zu beleuchten. Die Themen reichen von kreativen Probleml\u00f6sungsans\u00e4tzen bis hin zu den Vorteilen grenz\u00fcberschreitender Kooperationen, die besonders in Zeiten wachsender wirtschaftlicher und technologischer Dynamik von Bedeutung sind.<\/p>\n<p><strong>In informativen Vortr\u00e4gen, interaktiven Diskussionsrunden und Workshops<\/strong> wird der Austausch zwischen regionalen Unternehmen und europ\u00e4ischen Partnern gef\u00f6rdert. Durch best-practice-Beispiele aus verschiedenen L\u00e4ndern wird gezeigt, wie internationale Kooperationen zu innovativen L\u00f6sungen beitragen k\u00f6nnen. Diese Veranstaltung spiegelt das Bestreben von der Kulturhauptstadtregion wider, nicht nur kulturell, sondern auch wirtschaftlich ein Knotenpunkt f\u00fcr interdisziplin\u00e4re und internationale Zusammenarbeit zu sein.<\/p>\n<p>&nbsp;<\/p>\n<p><img fetchpriority=\"high\" decoding=\"async\" class=\"alignnone wp-image-4602\" src=\"https:\/\/werkbank32.teleskopeffekt.de\/wp-content\/uploads\/2024\/07\/4096-3072-max-2-1024x768.jpg\" alt=\"\" width=\"700\" height=\"525\" \/><\/p>\n<p>&nbsp;<\/p>\n<p>Dieses Event findet im Rahmen der <strong>Makerhub-Events Werkbank32 in Mittweida<\/strong> \u2013 &#8222;Digitale Pfade, kreative Wege&#8220; statt.<\/p>\n<h3><img decoding=\"async\" class=\"alignnone wp-image-4849 size-large\" src=\"https:\/\/werkbank32.teleskopeffekt.de\/wp-content\/uploads\/2024\/09\/Anwendungsbeispiel-Foerderleiste-blau-1024x119.png\" alt=\"\" width=\"1024\" height=\"119\" \/><\/h3>\n<p>&nbsp;<\/p>\n<h3>Jetzt Ticket sichern! &#8211; nur 69,00 \u20ac<\/h3>\n<p>Blickst du gern \u00fcber den Tellerrand hinaus, willst du Chancen erkennen und nutzen, dein Netzwerk erweitern und dich inspirieren lassen?<\/p>\n<p>Dann melde dich jetzt an:<br \/>\n(Das Anmeldeformular erscheint, wenn die Inhalte entsperrt wurden)<\/p>\n<p>Rechtlicher Hinweis: Stornierungen und R\u00fcckerstattungen sind nach Erwerb eines Tickets f\u00fcr den Mittelstandstag 2025 ausgeschlossen.<\/p>\n","protected":false},"excerpt":{"rendered":"<p>[metaslider id=&#8220;4876&#8243;] Im Rahmen des Mittelstandstags werden KMUs aus Deutschland und anderen europ\u00e4ischen L\u00e4ndern eingeladen, um gemeinsam die Chancen und Herausforderungen der digitalen Transformation zu beleuchten. Die Themen reichen von [&hellip;]<\/p>\n","protected":false},"author":2,"featured_media":0,"template":"","meta":{"_tribe_events_status":"","_tribe_events_status_reason":"","footnotes":""},"tags":[],"tribe_events_cat":[30,43,31],"class_list":["post-4664","tribe_events","type-tribe_events","status-publish","hentry","tribe_events_cat-mittelstand","tribe_events_cat-mutoffensive","tribe_events_cat-werkbank32","cat_mittelstand","cat_mutoffensive","cat_werkbank32"],"blocksy_meta":[],"_links":{"self":[{"href":"https:\/\/werkbank32.de\/et\/wp-json\/wp\/v2\/tribe_events\/4664","targetHints":{"allow":["GET"]}}],"collection":[{"href":"https:\/\/werkbank32.de\/et\/wp-json\/wp\/v2\/tribe_events"}],"about":[{"href":"https:\/\/werkbank32.de\/et\/wp-json\/wp\/v2\/types\/tribe_events"}],"author":[{"embeddable":true,"href":"https:\/\/werkbank32.de\/et\/wp-json\/wp\/v2\/users\/2"}],"version-history":[{"count":0,"href":"https:\/\/werkbank32.de\/et\/wp-json\/wp\/v2\/tribe_events\/4664\/revisions"}],"wp:attachment":[{"href":"https:\/\/werkbank32.de\/et\/wp-json\/wp\/v2\/media?parent=4664"}],"wp:term":[{"taxonomy":"post_tag","embeddable":true,"href":"https:\/\/werkbank32.de\/et\/wp-json\/wp\/v2\/tags?post=4664"},{"taxonomy":"tribe_events_cat","embeddable":true,"href":"https:\/\/werkbank32.de\/et\/wp-json\/wp\/v2\/tribe_events_cat?post=4664"}],"curies":[{"name":"wp","href":"https:\/\/api.w.org\/{rel}","templated":true}]}}

<p>[metaslider id=&#8220;4876&#8243;]</p>
<p><strong>Im Rahmen des Mittelstandstags</strong> werden KMUs aus Deutschland und anderen europäischen Ländern eingeladen, um gemeinsam die Chancen und Herausforderungen der digitalen Transformation zu beleuchten. Die Themen reichen von kreativen Problemlösungsansätzen bis hin zu den Vorteilen grenzüberschreitender Kooperationen, die besonders in Zeiten wachsender wirtschaftlicher und technologischer Dynamik von Bedeutung sind.</p>
<p><strong>In informativen Vorträgen, interaktiven Diskussionsrunden und Workshops</strong> wird der Austausch zwischen regionalen Unternehmen und europäischen Partnern gefördert. Durch best-practice-Beispiele aus verschiedenen Ländern wird gezeigt, wie internationale Kooperationen zu innovativen Lösungen beitragen können. Diese Veranstaltung spiegelt das Bestreben von der Kulturhauptstadtregion wider, nicht nur kulturell, sondern auch wirtschaftlich ein Knotenpunkt für interdisziplinäre und internationale Zusammenarbeit zu sein.</p>
<p>&nbsp;</p>
<p><img fetchpriority="high" decoding="async" class="alignnone wp-image-4602" src="https://werkbank32.teleskopeffekt.de/wp-content/uploads/2024/07/4096-3072-max-2-1024x768.jpg" alt="" width="700" height="525" /></p>
<p>&nbsp;</p>
<p>Dieses Event findet im Rahmen der <strong>Makerhub-Events Werkbank32 in Mittweida</strong> – &#8222;Digitale Pfade, kreative Wege&#8220; statt.</p>
<h3><img decoding="async" class="alignnone wp-image-4849 size-large" src="https://werkbank32.teleskopeffekt.de/wp-content/uploads/2024/09/Anwendungsbeispiel-Foerderleiste-blau-1024x119.png" alt="" width="1024" height="119" /></h3>
<p>&nbsp;</p>
<h3>Jetzt Ticket sichern! &#8211; nur 69,00 €</h3>
<p>Blickst du gern über den Tellerrand hinaus, willst du Chancen erkennen und nutzen, dein Netzwerk erweitern und dich inspirieren lassen?</p>
<p>Dann melde dich jetzt an:<br />
(Das Anmeldeformular erscheint, wenn die Inhalte entsperrt wurden)</p>
<p>Rechtlicher Hinweis: Stornierungen und Rückerstattungen sind nach Erwerb eines Tickets für den Mittelstandstag 2025 ausgeschlossen.</p>

<p>[metaslider id=&#8220;4876&#8243;] Im Rahmen des Mittelstandstags werden KMUs aus Deutschland und anderen europäischen Ländern eingeladen, um gemeinsam die Chancen und Herausforderungen der digitalen Transformation zu beleuchten. Die Themen reichen von [&hellip;]</p>
